{"id":43,"date":"2015-11-10T05:08:27","date_gmt":"2015-11-10T11:08:27","guid":{"rendered":"http:\/\/cidte.reduaz.mx\/web\/?page_id=43"},"modified":"2020-06-16T20:15:17","modified_gmt":"2020-06-17T02:15:17","slug":"equipo-de-trabajo","status":"publish","type":"page","link":"http:\/\/cidte.uaz.edu.mx\/web\/index.php\/equipo-de-trabajo\/","title":{"rendered":"Equipo de Trabajo"},"content":{"rendered":"<p>El equipo de trabajo se conforma de investigadores adscritos a varias instituciones:<\/p>\n<ul>\n<li><a href=\"http:\/\/cidte.uaz.edu.mx\/web\/index.php\/pagina-ejemplo\/equipo-de-trabajo\/dr-jorge-flores-troncoso\/\">Dr. Jorge Flores Troncoso (UAZ)<\/a><\/li>\n<li><a href=\"http:\/\/cidte.uaz.edu.mx\/web\/index.php\/equipo-de-trabajo\/m-i-t-c-salvador-ibarra-delgado\/\">M. en ITC Salvador Ibarra Delgado (UAZ)<\/a><\/li>\n<li><a href=\"http:\/\/cidte.uaz.edu.mx\/web\/index.php\/equipo-de-trabajo\/dr-remberto-sandoval-arechiga\/\">Dr. Remberto Sandoval Ar\u00e9chiga (UAZ)<\/a><\/li>\n<li><a href=\"http:\/\/cidte.uaz.edu.mx\/web\/index.php\/equipo-de-trabajo\/dr-jorge-simon-rodriguez\/\">Dr. Jorge Sim\u00f3n Rodr\u00edguez (CONACyT-UAZ)<\/a><\/li>\n<li><a href=\"http:\/\/cidte.uaz.edu.mx\/web\/index.php\/equipo-de-trabajo\/drjuvenal\/\">Dr. Juvenal Villanueva Maldonado (CONACyT-UAZ)<\/a><\/li>\n<li><a href=\"http:\/\/cidte.uaz.edu.mx\/web\/index.php\/pagina-ejemplo\/equipo-de-trabajo\/dr-israel-alejandro-arriaga-trejo\/\">Dr. Israel Alejandro Arriaga Trejo (CONACyT-UAZ)<\/a><\/li>\n<li><a href=\"http:\/\/cidte.uaz.edu.mx\/web\/index.php\/equipo-de-trabajo\/dr-manuel-hernandez-calvino\/\">Dr. Manuel Hern\u00e1ndez Calvi\u00f1o (U de La Habana, Cuba)<\/a><\/li>\n<li><a href=\"http:\/\/cidte.uaz.edu.mx\/web\/index.php\/equipo-de-trabajo\/dr-viktor-ivan-rodriguez-abdala\/\">Dr V\u00edctor Iv\u00e1n Rodr\u00edguez Abdal\u00e1<\/a><\/li>\n<li>MTI Jos\u00e9 Ricardo G\u00f3mez Rodr\u00edguez<\/li>\n<li>M. en C. V\u00edctor Mart\u00edn Hern\u00e1ndez D\u00e1vila (UAZ)<\/li>\n<li>Dr. Leonel Soriano Equigua (U de Colima)<\/li>\n<li>Dr. Ram\u00f3n Parra Mitchel (CINVESTAV GDL)<\/li>\n<li>Dr. Salvador Villarreal Reyes (CICESE)<\/li>\n<li>Dr. Jaime Garc\u00eda S\u00e1nchez (CICESE)<\/li>\n<li><a href=\"http:\/\/cidte.uaz.edu.mx\/web\/index.php\/equipo-de-trabajo\/dr-cristian-eduardo-boyain-y-goitia-luna-2\/\">Dr. Cristian Eduardo Boyain y Goitia Luna<\/a><\/li>\n<li><a href=\"http:\/\/cidte.uaz.edu.mx\/web\/index.php\/equipo-de-trabajo\/dr-jorge-ulises-munos-minjares\/\">Dr. Jorge Ulises Mu\u00f1os Minjares<\/a><\/li>\n<li><a href=\"http:\/\/cidte.uaz.edu.mx\/web\/index.php\/equipo-de-trabajo\/dr-raul-chavez-romero\/\">Dr. Ra\u00fal Ch\u00e1vez Romero<\/a><\/li>\n<\/ul>\n\n\n<p><\/p>\n","protected":false},"excerpt":{"rendered":"<p>El equipo de trabajo se conforma de investigadores adscritos a varias instituciones: Dr. Jorge Flores Troncoso (UAZ) M. en ITC Salvador Ibarra Delgado (UAZ) Dr. Remberto Sandoval Ar\u00e9chiga (UAZ) Dr. Jorge Sim\u00f3n Rodr\u00edguez (CONACyT-UAZ) Dr. Juvenal Villanueva Maldonado (CONACyT-UAZ) Dr. &hellip;<\/p>\n<p class=\"read-more\"> <a class=\"more-link\" href=\"http:\/\/cidte.uaz.edu.mx\/web\/index.php\/equipo-de-trabajo\/\"> <span class=\"screen-reader-text\">Equipo de Trabajo<\/span> Leer m\u00e1s \u00bb<\/a><\/p>\n","protected":false},"author":2,"featured_media":0,"parent":0,"menu_order":5,"comment_status":"closed","ping_status":"closed","template":"full-width-page.php","meta":[],"_links":{"self":[{"href":"http:\/\/cidte.uaz.edu.mx\/web\/index.php\/wp-json\/wp\/v2\/pages\/43"}],"collection":[{"href":"http:\/\/cidte.uaz.edu.mx\/web\/index.php\/wp-json\/wp\/v2\/pages"}],"about":[{"href":"http:\/\/cidte.uaz.edu.mx\/web\/index.php\/wp-json\/wp\/v2\/types\/page"}],"author":[{"embeddable":true,"href":"http:\/\/cidte.uaz.edu.mx\/web\/index.php\/wp-json\/wp\/v2\/users\/2"}],"replies":[{"embeddable":true,"href":"http:\/\/cidte.uaz.edu.mx\/web\/index.php\/wp-json\/wp\/v2\/comments?post=43"}],"version-history":[{"count":24,"href":"http:\/\/cidte.uaz.edu.mx\/web\/index.php\/wp-json\/wp\/v2\/pages\/43\/revisions"}],"predecessor-version":[{"id":769,"href":"http:\/\/cidte.uaz.edu.mx\/web\/index.php\/wp-json\/wp\/v2\/pages\/43\/revisions\/769"}],"wp:attachment":[{"href":"http:\/\/cidte.uaz.edu.mx\/web\/index.php\/wp-json\/wp\/v2\/media?parent=43"}],"curies":[{"name":"wp","href":"https:\/\/api.w.org\/{rel}","templated":true}]}}