{"id":45,"date":"2015-11-10T05:10:08","date_gmt":"2015-11-10T11:10:08","guid":{"rendered":"http:\/\/cidte.reduaz.mx\/web\/?page_id=45"},"modified":"2015-11-18T05:44:03","modified_gmt":"2015-11-18T11:44:03","slug":"proyectos-vigentes","status":"publish","type":"page","link":"http:\/\/cidte.uaz.edu.mx\/web\/index.php\/investigacion-y-desarrollo\/proyectos-vigentes\/","title":{"rendered":"Proyectos vigentes"},"content":{"rendered":"<ol id=\"aui_3_2_0_182\">\n<li><strong>Implementaci\u00f3n de un Laboratorio Especializado en Telecomunicaciones Espaciales vinculado con la Agencia Espacial Mexicana.<\/strong> FOMIX CONACyT-Gobierno del Estado de Zacatecas clave: ZAC-2013-C02-198535.<\/li>\n<li>Proyecto de C\u00e1tedras CONACyT (3 c\u00e1tedras): <strong>Laboratorio de Telecomunicaciones Espaciales clave 3066.<\/strong><\/li>\n<li><strong>Proyecto Nano-sat\u00e9lites Zacatecanos (UAZ-AEM), en proceso.<\/strong><\/li>\n<li>Fondo Sectorial de Investigaci\u00f3n, Desarrollo Tecnol\u00f3gico e Innovaci\u00f3n en Actividades Espaciales CONACyT-AEM 2014 : <strong>Desarrollo de prototipos de IP-Cores para un sistema en banda base de radiocomunicaci\u00f3n satelital definido por software&#8221;<\/strong> clave: <strong>248410.<\/strong><\/li>\n<li>Fondo Sectorial de Investigaci\u00f3n, Desarrollo Tecnol\u00f3gico e Innovaci\u00f3n en Actividades Espaciales CONACyT-AEM 2015 : <strong>Prototipo de subsistema de comunicaciones satelital para telemetr\u00eda y comando en bandas UHF\/VHF con tasa de datos variable.<\/strong><\/li>\n<\/ol>\n","protected":false},"excerpt":{"rendered":"<p>Implementaci\u00f3n de un Laboratorio Especializado en Telecomunicaciones Espaciales vinculado con la Agencia Espacial Mexicana. FOMIX CONACyT-Gobierno del Estado de Zacatecas clave: ZAC-2013-C02-198535. Proyecto de C\u00e1tedras CONACyT (3 c\u00e1tedras): Laboratorio de Telecomunicaciones Espaciales clave 3066. Proyecto Nano-sat\u00e9lites Zacatecanos (UAZ-AEM), en proceso. &hellip;<\/p>\n<p class=\"read-more\"> <a class=\"more-link\" href=\"http:\/\/cidte.uaz.edu.mx\/web\/index.php\/investigacion-y-desarrollo\/proyectos-vigentes\/\"> <span class=\"screen-reader-text\">Proyectos vigentes<\/span> Leer m\u00e1s \u00bb<\/a><\/p>\n","protected":false},"author":2,"featured_media":0,"parent":10,"menu_order":12,"comment_status":"closed","ping_status":"closed","template":"full-width-page.php","meta":[],"_links":{"self":[{"href":"http:\/\/cidte.uaz.edu.mx\/web\/index.php\/wp-json\/wp\/v2\/pages\/45"}],"collection":[{"href":"http:\/\/cidte.uaz.edu.mx\/web\/index.php\/wp-json\/wp\/v2\/pages"}],"about":[{"href":"http:\/\/cidte.uaz.edu.mx\/web\/index.php\/wp-json\/wp\/v2\/types\/page"}],"author":[{"embeddable":true,"href":"http:\/\/cidte.uaz.edu.mx\/web\/index.php\/wp-json\/wp\/v2\/users\/2"}],"replies":[{"embeddable":true,"href":"http:\/\/cidte.uaz.edu.mx\/web\/index.php\/wp-json\/wp\/v2\/comments?post=45"}],"version-history":[{"count":2,"href":"http:\/\/cidte.uaz.edu.mx\/web\/index.php\/wp-json\/wp\/v2\/pages\/45\/revisions"}],"predecessor-version":[{"id":147,"href":"http:\/\/cidte.uaz.edu.mx\/web\/index.php\/wp-json\/wp\/v2\/pages\/45\/revisions\/147"}],"up":[{"embeddable":true,"href":"http:\/\/cidte.uaz.edu.mx\/web\/index.php\/wp-json\/wp\/v2\/pages\/10"}],"wp:attachment":[{"href":"http:\/\/cidte.uaz.edu.mx\/web\/index.php\/wp-json\/wp\/v2\/media?parent=45"}],"curies":[{"name":"wp","href":"https:\/\/api.w.org\/{rel}","templated":true}]}}