{"id":54,"date":"2015-11-10T05:13:54","date_gmt":"2015-11-10T11:13:54","guid":{"rendered":"http:\/\/cidte.reduaz.mx\/web\/?page_id=54"},"modified":"2020-06-15T11:24:30","modified_gmt":"2020-06-15T17:24:30","slug":"articulos-arbitrados","status":"publish","type":"page","link":"http:\/\/cidte.uaz.edu.mx\/web\/index.php\/investigacion-y-desarrollo\/publicaciones\/articulos-arbitrados\/","title":{"rendered":"Art\u00edculos arbitrados"},"content":{"rendered":"<p>Francisco Rub\u00e9n Castillo Soria, Jaime S\u00e1nchez Garc\u00eda , Ram\u00f3n Parra Michel ,Jorge Flores Troncoso , Gustavo Fern\u00e1ndez Torres, <strong>\u201cLa Modulaci\u00f3n <\/strong><strong>Espacial; <\/strong><strong>una\u00a0Comparaci\u00f3n\u00a0de\u00a0las\u00a0T\u00e9cnicas\u00a0B\u00e1sicas\u00a0de\u00a0Transmisi\u00f3n,\u201d\u00a0<\/strong>Revista Ingenier\u00eda, Investigaci\u00f3n y Tecnolog\u00eda. ISSN: 1405\u20107743,<\/p>\n<hr \/>\n<h3>2015<\/h3>\n<p>F. J. Amezcua R\u00edos, J. Flores Troncoso, I. A. Arriaga Trejo, L. Soriano Equigua, S. Ibarra Delgado, R. Sandoval Ar\u00e9chiga, J. L. \u00c1lvarez Flores,<strong>\u00a0 \u201cDise\u00f1o e <\/strong><strong>implementaci\u00f3n\u00a0de\u00a0un\u00a0picosat\u00e9lite\u00a0experimental,\u201d<\/strong>\u00a0DIFU100ci@,\u00a0Vol.\u00a09,\u00a0No.\u00a02, pp.\u00a07\u201013,\u00a0septiembre\u2010diciembre\u00a02015,\u00a0ISSN:2007\u20103585<\/p>\n<p>A. Arriaga Trejo, J. Flores Troncoso, J. Villanueva Maldonado, S. Ibarra Delgado, Jorge Sim\u00f3n Rodr\u00edguez, <strong>\u201cDise\u00f1o de secuencias\u00a0 para la estimaci\u00f3n de <\/strong><strong>desbalances en fase y cuadratura en sistemas de comuni-caciones\u201d<\/strong>, DIFU100ci@, Vol. 9, No.2, pp. 14\u201018, septiembre\u2010diciembre 2015, ISSN:2007\u20103585<\/p>\n<p>S. Ibarra Delgado, J. Flores Troncoso, R. Sandoval \u00c1rechiga, I. A. Arriaga Trejo, J. Villanueva Maldonado, y J. Sim\u00f3n Rodr\u00edguez, <strong>\u201cSemi\u2010Global-Matching <\/strong><strong>modificado\u00a0para\u00a0visi\u00f3n\u00a0est\u00e9reo\u00a0en\u00a0sistemas\u00a0de\u00a0tiempo\u00a0real,\u201d<\/strong> DIFU100ci@, Vol. 9, No. 1, pp. 17\u201022, Mayo\u2010Agosto 2015, ISSN:2007\u20103585<\/p>\n<hr \/>\n<h3>2014<\/h3>\n<p>Manuel Hern\u00e1ndez Calvi\u00f1o, Jorge Flores Troncoso, Salvador Ibarra Delgado,Remberto Sandoval Ar\u00e9chiga, Hamurabi Gamboa Rosales, Rodrigo Soul\u00e9 de Castro, <strong>\u201cDesarrollo\u00a0e\u00a0implementaci\u00f3n\u00a0de\u00a0cores\u00a0para\u00a0compresi\u00f3n\u00a0y\u00a0<\/strong><strong>descompresi\u00f3n de datos usando LZW sobre la tarjeta Zynq\u20107000 SoC para <\/strong><strong>SDR,\u201d<\/strong>\u00a0DIFU100ci@,\u00a0Vol.\u00a08,\u00a0No.\u00a01,\u00a0\u00a0pp.\u00a02\u20105,\u00a0mayo\u2010agosto\u00a02014,\u00a0\u00a0ISSN:2007\u20103585<\/p>\n<p>Viktor Iv\u00e1n Rodr\u00edguez Abdala, Jaime S\u00e1nchez Garc\u00eda and Jorge Flores Troncoso, <strong>\u201cA PHY LTE Advanced analysis and a Software Defined Radio implementation,\u201d <\/strong>DIFU100ci@\u00a0Vol.\u00a07,\u00a0No.\u00a03,\u00a0\u00a0pp.\u00a07\u201014,\u00a0enero\u2010abril\u00a02014, ISSN:2007\u20103585<\/p>\n<hr \/>\n<h3>2013<\/h3>\n<p>R. Ibarra\u2010Hern\u00e1ndez, J. Flores\u2010Troncoso, E.\u00a0\u00a0Garc\u00eda \u2010Dom\u00ednguez H. Gamboa Rosales y L. Soriano Equigua, <strong>\u201cCompresi\u00f3n LZW en un\u00a0 sistema de\u00a0<\/strong><strong>comunicaciones\u00a0MIMO\u00a0inal\u00e1mbrico,\u201d<\/strong>\u00a0DIFU100ci@\u00a0Vol.\u00a07,\u00a0No.\u00a01,\u00a0pp.\u00a017\u201024, mayo\u2010agosto\u00a02013,\u00a0ISSN:2007\u20103585<\/p>\n<p>S.\u00a0Ibarra\u00a0Delgado,\u00a0J.\u00a0Flores\u00a0Troncoso,\u00a0H.\u00a0Gamboa\u00a0Rosales,\u00a0R.\u00a0Soule\u00a0de\u00a0Castro,\u00a0<strong>\u201cAlgoritmo para la detecci\u00f3n de zonas poco texturizadas en im\u00e1genes <\/strong><strong>reales,\u00a0para\u00a0su\u00a0uso\u00a0en\u00a0sistemas\u00a0de\u00a0visi\u00f3n\u00a0estereosc\u00f3pica,\u201d<\/strong>\u00a0DIFU100ci@\u00a0Vol. 7,\u00a0No.\u00a01,\u00a0pp.\u00a025\u201035,\u00a0mayo\u2010agosto\u00a02013,\u00a0ISSN\u00a02007\u20103585,<\/p>\n<hr \/>\n<h3>2012<\/h3>\n<p>Jorge Flores\u2010Troncoso, Leonel Soriano Equigua, Jaime S\u00e1nchez \u2013 Garc\u00eda, Salvador Ibarra\u2010Delgado, Remberto Sandoval\u2010Arechiga, Jos\u00e9 Luis \u00c1lvarez Flores, and Jos\u00e9 Manuel Cervantes Viramontes, <strong>\u201cModified\u00a0super\u2010orthogonal\u00a0<\/strong><strong>space\u2010time trellis codes for fast\u2010block\u00a0 fading channels,\u201d\u00a0<\/strong>Difu100cia Vol. 6, No. 2, pp. 46\u201053, septiembre-diciembre 2012, ISSN 2007\u20103585,<\/p>\n","protected":false},"excerpt":{"rendered":"<p>Francisco Rub\u00e9n Castillo Soria, Jaime S\u00e1nchez Garc\u00eda , Ram\u00f3n Parra Michel ,Jorge Flores Troncoso , Gustavo Fern\u00e1ndez Torres, \u201cLa Modulaci\u00f3n Espacial; una\u00a0Comparaci\u00f3n\u00a0de\u00a0las\u00a0T\u00e9cnicas\u00a0B\u00e1sicas\u00a0de\u00a0Transmisi\u00f3n,\u201d\u00a0Revista Ingenier\u00eda, Investigaci\u00f3n y Tecnolog\u00eda. ISSN: 1405\u20107743, 2015 F. J. Amezcua R\u00edos, J. Flores Troncoso, I. A. Arriaga Trejo, &hellip;<\/p>\n<p class=\"read-more\"> <a class=\"more-link\" href=\"http:\/\/cidte.uaz.edu.mx\/web\/index.php\/investigacion-y-desarrollo\/publicaciones\/articulos-arbitrados\/\"> <span class=\"screen-reader-text\">Art\u00edculos arbitrados<\/span> Leer m\u00e1s \u00bb<\/a><\/p>\n","protected":false},"author":2,"featured_media":0,"parent":50,"menu_order":0,"comment_status":"closed","ping_status":"closed","template":"full-width-page.php","meta":[],"_links":{"self":[{"href":"http:\/\/cidte.uaz.edu.mx\/web\/index.php\/wp-json\/wp\/v2\/pages\/54"}],"collection":[{"href":"http:\/\/cidte.uaz.edu.mx\/web\/index.php\/wp-json\/wp\/v2\/pages"}],"about":[{"href":"http:\/\/cidte.uaz.edu.mx\/web\/index.php\/wp-json\/wp\/v2\/types\/page"}],"author":[{"embeddable":true,"href":"http:\/\/cidte.uaz.edu.mx\/web\/index.php\/wp-json\/wp\/v2\/users\/2"}],"replies":[{"embeddable":true,"href":"http:\/\/cidte.uaz.edu.mx\/web\/index.php\/wp-json\/wp\/v2\/comments?post=54"}],"version-history":[{"count":18,"href":"http:\/\/cidte.uaz.edu.mx\/web\/index.php\/wp-json\/wp\/v2\/pages\/54\/revisions"}],"predecessor-version":[{"id":738,"href":"http:\/\/cidte.uaz.edu.mx\/web\/index.php\/wp-json\/wp\/v2\/pages\/54\/revisions\/738"}],"up":[{"embeddable":true,"href":"http:\/\/cidte.uaz.edu.mx\/web\/index.php\/wp-json\/wp\/v2\/pages\/50"}],"wp:attachment":[{"href":"http:\/\/cidte.uaz.edu.mx\/web\/index.php\/wp-json\/wp\/v2\/media?parent=54"}],"curies":[{"name":"wp","href":"https:\/\/api.w.org\/{rel}","templated":true}]}}