{"id":694,"date":"2020-06-09T22:22:49","date_gmt":"2020-06-10T04:22:49","guid":{"rendered":"http:\/\/cidte.uaz.edu.mx\/web\/?page_id=694"},"modified":"2020-06-09T22:22:49","modified_gmt":"2020-06-10T04:22:49","slug":"procesamiento-de-senales","status":"publish","type":"page","link":"http:\/\/cidte.uaz.edu.mx\/web\/index.php\/investigacion-y-desarrollo\/areas-de-desarrollo\/procesamiento-de-senales\/","title":{"rendered":"Procesamiento de se\u00f1ales"},"content":{"rendered":"\n<p>El \u00e1rea de <em>&#8220;Procesamiento de Se\u00f1ales&#8221; <\/em>esta encargada de estudiar m\u00e9todos de optimizaci\u00f3n num\u00e9rica para generar secuencias con buenas propiedades de autocorrelaci\u00f3n y correlaci\u00f3n complementaria. Las secuencias generadas tienen aplicaciones directas en sistemas de   telecomunicaciones (estimaci\u00f3n de canal) as\u00ed como en sistemas de sensado activo (radares). <\/p>\n\n\n\n<p>La investigaci\u00f3n desarrollada ha sido presentada en diversos foros internacionales as\u00ed como en revistas del \u00e1rea de procesamiento de se\u00f1ales.   <\/p>\n","protected":false},"excerpt":{"rendered":"<p>El \u00e1rea de &#8220;Procesamiento de Se\u00f1ales&#8221; esta encargada de estudiar m\u00e9todos de optimizaci\u00f3n num\u00e9rica para generar secuencias con buenas propiedades de autocorrelaci\u00f3n y correlaci\u00f3n complementaria. Las secuencias generadas tienen aplicaciones directas en sistemas de telecomunicaciones (estimaci\u00f3n de canal) as\u00ed como &hellip;<\/p>\n<p class=\"read-more\"> <a class=\"more-link\" href=\"http:\/\/cidte.uaz.edu.mx\/web\/index.php\/investigacion-y-desarrollo\/areas-de-desarrollo\/procesamiento-de-senales\/\"> <span class=\"screen-reader-text\">Procesamiento de se\u00f1ales<\/span> Leer m\u00e1s \u00bb<\/a><\/p>\n","protected":false},"author":4,"featured_media":0,"parent":14,"menu_order":0,"comment_status":"closed","ping_status":"closed","template":"full-width-page.php","meta":[],"_links":{"self":[{"href":"http:\/\/cidte.uaz.edu.mx\/web\/index.php\/wp-json\/wp\/v2\/pages\/694"}],"collection":[{"href":"http:\/\/cidte.uaz.edu.mx\/web\/index.php\/wp-json\/wp\/v2\/pages"}],"about":[{"href":"http:\/\/cidte.uaz.edu.mx\/web\/index.php\/wp-json\/wp\/v2\/types\/page"}],"author":[{"embeddable":true,"href":"http:\/\/cidte.uaz.edu.mx\/web\/index.php\/wp-json\/wp\/v2\/users\/4"}],"replies":[{"embeddable":true,"href":"http:\/\/cidte.uaz.edu.mx\/web\/index.php\/wp-json\/wp\/v2\/comments?post=694"}],"version-history":[{"count":3,"href":"http:\/\/cidte.uaz.edu.mx\/web\/index.php\/wp-json\/wp\/v2\/pages\/694\/revisions"}],"predecessor-version":[{"id":697,"href":"http:\/\/cidte.uaz.edu.mx\/web\/index.php\/wp-json\/wp\/v2\/pages\/694\/revisions\/697"}],"up":[{"embeddable":true,"href":"http:\/\/cidte.uaz.edu.mx\/web\/index.php\/wp-json\/wp\/v2\/pages\/14"}],"wp:attachment":[{"href":"http:\/\/cidte.uaz.edu.mx\/web\/index.php\/wp-json\/wp\/v2\/media?parent=694"}],"curies":[{"name":"wp","href":"https:\/\/api.w.org\/{rel}","templated":true}]}}