{"id":755,"date":"2020-06-16T19:35:27","date_gmt":"2020-06-17T01:35:27","guid":{"rendered":"http:\/\/cidte.uaz.edu.mx\/web\/?page_id=755"},"modified":"2020-06-16T19:56:46","modified_gmt":"2020-06-17T01:56:46","slug":"dr-jorge-ulises-munos-minjares","status":"publish","type":"page","link":"http:\/\/cidte.uaz.edu.mx\/web\/index.php\/equipo-de-trabajo\/dr-jorge-ulises-munos-minjares\/","title":{"rendered":"Dr. Jorge Ulises Mu\u00f1os Minjares"},"content":{"rendered":"<p>Jorge Ulises Mu\u00f1oz Minjares obtuvo los grados de Ingeniero en Comunicaciones y Electr\u00f3nica por la Universidad Aut\u00f3noma de Zacatecas (UAZ) en el 2010, Maestr\u00eda y Doctorado en Ingenier\u00eda El\u00e9ctrica con especialidad en procesamiento digital de se\u00f1ales en la Universidad de Guanajuato Divisi\u00f3n de Ingenier\u00edas Campus Salamanca-Irapuato, en 2012 y 2018, respectivamente. Actualmente es Profesor de Tiempo Completo (PTC) de la UAZ y colabora en diferentes proyectos de investigaci\u00f3n con universidades nacionales e internacionales. Sus intereses de investigaci\u00f3n son referentes al Procesamiento Digital de Se\u00f1ales e Im\u00e1genes tanto de comunicaciones como biol\u00f3gicas. El Dr. Jorge Ulises Mu\u00f1oz Minjares pertenece al Sistema Nacional de Investigadores (Nivel I) y es miembro del IEEE.<\/p>\n<p><a href=\"http:\/\/cidte.uaz.edu.mx\/web\/wp-content\/uploads\/2020\/06\/Dr.JorgeUlisesMu\u00f1osMinjares.pdf\"><img loading=\"lazy\" class=\"aligncenter wp-image-100\" src=\"http:\/\/cidte.reduaz.mx\/web\/wp-content\/uploads\/2015\/11\/pdf_logo.png\" alt=\"pdf_logo\" width=\"108\" height=\"108\" srcset=\"http:\/\/cidte.uaz.edu.mx\/web\/wp-content\/uploads\/2015\/11\/pdf_logo.png 256w, http:\/\/cidte.uaz.edu.mx\/web\/wp-content\/uploads\/2015\/11\/pdf_logo-150x150.png 150w, http:\/\/cidte.uaz.edu.mx\/web\/wp-content\/uploads\/2015\/11\/pdf_logo-100x100.png 100w, http:\/\/cidte.uaz.edu.mx\/web\/wp-content\/uploads\/2015\/11\/pdf_logo-200x200.png 200w\" sizes=\"(max-width: 108px) 100vw, 108px\" \/><\/a><\/p>\n","protected":false},"excerpt":{"rendered":"<p>Jorge Ulises Mu\u00f1oz Minjares obtuvo los grados de Ingeniero en Comunicaciones y Electr\u00f3nica por la Universidad Aut\u00f3noma de Zacatecas (UAZ) en el 2010, Maestr\u00eda y Doctorado en Ingenier\u00eda El\u00e9ctrica con especialidad en procesamiento digital de se\u00f1ales en la Universidad de &hellip;<\/p>\n<p class=\"read-more\"> <a class=\"more-link\" href=\"http:\/\/cidte.uaz.edu.mx\/web\/index.php\/equipo-de-trabajo\/dr-jorge-ulises-munos-minjares\/\"> <span class=\"screen-reader-text\">Dr. Jorge Ulises Mu\u00f1os Minjares<\/span> Leer m\u00e1s \u00bb<\/a><\/p>\n","protected":false},"author":4,"featured_media":0,"parent":43,"menu_order":0,"comment_status":"closed","ping_status":"closed","template":"full-width-page.php","meta":[],"_links":{"self":[{"href":"http:\/\/cidte.uaz.edu.mx\/web\/index.php\/wp-json\/wp\/v2\/pages\/755"}],"collection":[{"href":"http:\/\/cidte.uaz.edu.mx\/web\/index.php\/wp-json\/wp\/v2\/pages"}],"about":[{"href":"http:\/\/cidte.uaz.edu.mx\/web\/index.php\/wp-json\/wp\/v2\/types\/page"}],"author":[{"embeddable":true,"href":"http:\/\/cidte.uaz.edu.mx\/web\/index.php\/wp-json\/wp\/v2\/users\/4"}],"replies":[{"embeddable":true,"href":"http:\/\/cidte.uaz.edu.mx\/web\/index.php\/wp-json\/wp\/v2\/comments?post=755"}],"version-history":[{"count":2,"href":"http:\/\/cidte.uaz.edu.mx\/web\/index.php\/wp-json\/wp\/v2\/pages\/755\/revisions"}],"predecessor-version":[{"id":766,"href":"http:\/\/cidte.uaz.edu.mx\/web\/index.php\/wp-json\/wp\/v2\/pages\/755\/revisions\/766"}],"up":[{"embeddable":true,"href":"http:\/\/cidte.uaz.edu.mx\/web\/index.php\/wp-json\/wp\/v2\/pages\/43"}],"wp:attachment":[{"href":"http:\/\/cidte.uaz.edu.mx\/web\/index.php\/wp-json\/wp\/v2\/media?parent=755"}],"curies":[{"name":"wp","href":"https:\/\/api.w.org\/{rel}","templated":true}]}}